ase 6
12045
-10122 (base 4) to base 2
-100011010
Convert 1101110110000 (base 2) to base 10.
7088
Convert -52b (base 14) to base 10.
-1019
130201 (base 4) to base 12
1081
Convert -210 (base 3) to base 4.
-111
What is 57d6 (base 16) in base 15?
69e1
What is -169 (base 15) in base 8?
-504
Convert a74 (base 13) to base 2.
11011111001
What is -30300 (base 7) in base 8?
-16266
What is 1445 (base 6) in base 3?
112102
What is -24458 (base 9) in base 13?
-7619
Convert 19598 (base 11) to base 12.
13998
Convert 11101010101 (base 2) to base 8.
3525
What is 210 (base 3) in base 15?
16
What is b110 (base 12) in base 2?
100101011011100
Convert -11332 (base 4) to base 8.
-576
Convert -10101000 (base 2) to base 9.
-206
What is 627 (base 8) in base 15?
1c2
What is -210 (base 14) in base 3?
-120001
Convert -5a00 (base 14) to base 15.
-49a5
Convert 3223 (base 5) to base 4.
12312
Convert -2e10 (base 16) to base 15.
-3762
Convert 97a6 (base 16) to base 7.
221120
What is -77767 (base 8) in base 13?
-11bac
Convert 6362 (base 7) to base 11.
1765
What is 7536 (base 9) in base 3?
21121020
38482 (base 10) to base 14
1004a
-1100130 (base 5) to base 4
-10211212
What is -100011010011001 (base 2) in base 16?
-4699
Convert -711 (base 11) to base 8.
-1533
What is 16142 (base 8) in base 14?
2910
What is 2025 (base 6) in base 4?
13001
-1424 (base 13) to base 8
-5527
-29 (base 15) to base 10
-39
Convert -25123 (base 6) to base 4.
-322023
What is -3062 (base 7) in base 4?
-100301
-16107 (base 8) to base 2
-1110001000111
2cc (base 16) to base 7
2042
-796 (base 10) to base 9
-1074
Convert 306 (base 16) to base 4.
30012
20221312 (base 4) to base 16
8a76
-18 (base 13) to base 9
-23
Convert 16c3 (base 15) to base 14.
1b08
-117c2 (base 15) to base 12
-28325
What is -c52 (base 13) in base 3?
-2212121
148 (base 15) to base 7
566
-105431 (base 9) to base 10
-63046
What is 111000100111 (base 2) in base 16?
e27
Convert 14e2 (base 16) to base 3.
21100000
592 (base 10) to base 4
21100
Convert 18172 (base 11) to base 7.
134212
-8459 (base 10) to base 6
-103055
Convert 12406 (base 13) to base 16.
8365
What is 2123 (base 6) in base 11?
3aa
Convert 30070 (base 8) to base 12.
7188
10010110 (base 2) to base 14
aa
What is -1100010100101 (base 2) in base 13?
-2b44
Convert -2450 (base 7) to base 9.
-1228
What is 1151 (base 14) in base 16?
bc3
-1002 (base 5) to base 2
-1111111
-10104 (base 6) to base 4
-110320
What is -726 (base 8) in base 11?
-398
What is 63a9 (base 11) in base 7?
33455
What is 3862 (base 13) in base 12?
4787
-10508 (base 9) to base 3
-100120022
Convert 2a03 (base 13) to base 5.
143322
What is 42339 (base 10) in base 7?
234303
Convert 75c (base 14) to base 4.
112232
What is -4210 (base 11) in base 10?
-5577
5b0 (base 12) to base 3
1011120
Convert -7c (base 16) to base 9.
-147
-46041 (base 7) to base 11
-8869
Convert -182 (base 11) to base 6.
-551
What is 3302322 (base 4) in base 3?
210022210
What is -60550 (base 7) in base 14?
-54d0
What is -6127 (base 8) in base 2?
-110001010111
Convert -1111102122 (base 3) to base 12.
-15082
Convert 1424b (base 14) to base 3.
2112101100
What is 6e6 (base 15) in base 11?
11a4
Convert 153 (base 7) to base 15.
5c
-20e (base 16) to base 8
-1016
What is -10443 (base 10) in base 12?
-6063
-21993 (base 11) to base 15
-9654
Convert 1262 (base 9) to base 3.
1022002
-876 (base 16) to base 10
-2166
Convert -75938 (base 10) to base 6.
-1343322
Convert 33688 (base 11) to base 3.
2110212010
Convert -40c1 (base 13) to base 2.
-10001011110001
-2939 (base 12) to base 3
-20120200
Convert 31c (base 15) to base 7.
2022
What is 102201 (base 3) in base 11?
268
Convert -730 (base 9) to base 13.
-369
Convert -121435 (base 6) to base 14.
-3cbd
What is 254 (base 8) in base 13?
103
What is -949 (base 10) in base 8?
-1665
Convert 400 (base 6) to base 7.
264
Convert -3504 (base 6) to base 15.
-3a7
What is 122 (base 4) in base 7?
35
384 (base 12) to base 2
1000010100
What is -1021220111 (base 3) in base 11?
-18134
30550 (base 6) to base 4
1000002
Convert 151 (base 12) to base 9.
247
24863 (base 10) to base 11
17753
Convert 6b2 (base 12) to base 2.
1111100110
-102226 (base 8) to base 7
-200646
Convert 113322 (base 4) to base 7.
4314
What is -1522 (base 10) in base 8?
-2762
Convert -723 (base 9) to base 10.
-588
Convert -2434 (base 5) to base 14.
-1c5
What is 1220232 (base 5) in base 4?
11222120
-6001 (base 15) to base 14
-7547
What is 204bb (base 14) in base 7?
442524
Convert 218 (base 13) to base 5.
2414
What is -131101 (base 4) in base 7?
-5314
Convert -162 (base 13) to base 8.
-371
-162 (base 12) to base 14
-118
What is -45540 (base 7) in base 6?
-125400
-7913 (base 16) to base 3
-1120111222
Convert -133 (base 5) to base 6.
-111
Convert 8d88 (base 16) to base 4.
20312020
44172 (base 9) to base 2
111001001111010
What is -89a (base 11) in base 6?
-4553
-1242 (base 6) to base 14
-186
-25313 (base 8) to base 12
-640b
6230 (base 7) to base 12
1315
Convert 223756 (base 8) to base 10.
75758
Convert -585 (base 13) to base 9.
-1270
Convert 13744 (base 8) to base 6.
44152
What is -195 (base 16) in base 10?
-405
What is 111011101100 (base 2) in base 7?
14065
What is 22012022 (base 3) in base 10?
5975
Convert -1010100101000 (base 2) to base 9.
-7377
What is -13202 (base 4) in base 8?
-742
What is a7 (base 15) in base 6?
421
-672 (base 12) to base 9
-1265
20ab (base 12) to base 13
182c
Convert -626b (base 12) to base 14.
-3cb1
What is 13052 (base 8) in base 4?
1120222
2850 (base 12) to base 10
4668
Convert -2baf (base 16) to base 13.
-5123
Convert -422 (base 8) to base 13.
-181
Convert 5835 (base 11) to base 10.
7661
What is 1001010 (base 2) in base 8?
112
Convert 512 (base 15) to base 13.
69b
What is -615 (base 7) in base 2?
-100110010
Convert 1022 (base 4) to base 10.
74
What is 2772 (base 10) in base 4?
223110
What is 56b (base 15) in base 12?
862
-1088 (base 12) to base 10
-1832
Convert -210200 (base 3) to base 16.
-249
What is -10120 (base 3) in base 7?
-165
-a701 (base 15) to base 5
-2112301
What is 1055 (base 6) in base 4?
3323
555b (base 14) to base 5
433111
-3035 (base 6) to base 3
-220212
What is 10101100100 (base 2) in base 14?
708
What is -1011010101100001 (base 2) in base 16?
-b561
-331 (base 8) to base 14
-117
What is 7ef (base 16) in base 8?
3757
-4242 (base 8) to base 7
-6305
1000100011 (base 2) to base 15
267
Convert -23112222 (base 4) to base 7.
-252405
-1111001010 (base 2) to base 6
-4254
-5652 (base 13) to base 15
-3896
What is -80b (base 12) in base 5?
-14123
-21923 (base 12) to base 10
-44523
What is -10223 (base 4) in base 9?
-362
-1117 (base 13) to base 15
-a91
3c9 (base 15) to base 9
1160
-1312220 (base 4) to base 3
-101102012
What is 545 (base 13) in base 9?
1212
What is 2a18 (base 12) in base 11?
376a
What is -9ab5 (base 12) in base 5?
-1022004
-311 (base 16) to base 5
-11120
Convert 15412 (base 6) to base 14.
cc8
11110011001 (base 2) to base 14
9cd
What is 13170 (base 12) in base 11?
18711
-8224 (base 10) to base 3
-102021121
Convert 8a6 (base 16) to base 15.
9c9
What is -11133 (base 4) in base 16?
-15f
What is 211202000 (base 3) in base 10?
16578
-3a8 (base 12) to base 16
-230
5605 (base 8) to base 10
2949
What is -3e77 (base 15) in base 5?
-412022
15a (base 13) to base 15
114
Convert 31c (base 14) to base 16.
266
Convert 1ea0 (base 15) to base 11.
5019
Convert 833 (base 11) to base 6.
4352
What is c0c (base 16) in base 13?
1533
What is 1002330 (base 4) in base 3?
12212200
Convert 120 (base 4) to base 9.
26
What is -5723 (base 13) in base 9?
-17652
-102105 (base 7) to base 9
-26056
What is 60512 (base 7) in base 8?
34504
Convert 11000001 (base 3) to base 7.
11335
-533 (base 13) to base 4
-31313
Convert 201 (base 4) to base 8.
41
91a6 (base 16) to base 10
37286
Convert 3130 (base 8) to base 4.
121120
What is 111001110 (base 2) in base 4?
13032
Convert 24430 (base 6) to base 2.
111000100010
What is -254444 (base 7) in base 14?
-132cb
9 (base 13) to base 4
21
Convert -105 (base 15) to base 12.
-172
-214 (base 8) to base 14
-a0
347 (base 13) to base 12
3b2
Convert -1346 (base 10) to base 4.
-111002
What is 14014 (base 7) in base 6?
25304
Convert 54761 (base 10) to base 7.
315440
Convert 111011111001010 (base 2) to base 7.
155256
10001101001 (base 2) to base 15
